{"id":2,"date":"2023-09-27T01:32:58","date_gmt":"2023-09-26T23:32:58","guid":{"rendered":"https:\/\/expoeducacion.globalvirtualnetworking.com\/?page_id=2"},"modified":"2023-10-02T22:50:22","modified_gmt":"2023-10-02T20:50:22","slug":"pagina-ejemplo","status":"publish","type":"page","link":"https:\/\/expoeducacion.globalvirtualnetworking.com\/index.php\/pagina-ejemplo\/","title":{"rendered":"P\u00e1gina de ejemplo"},"content":{"rendered":"\n<div class=\"wp-block-buttons is-layout-flex wp-block-buttons-is-layout-flex\">\n<div class=\"wp-block-button\"><a class=\"wp-block-button__link wp-element-button\" href=\"#prueba\">Prueba<\/a><\/div>\n\n\n<\/div>\n\n\n\n<p>Esta es una p\u00e1gina de ejemplo. Es diferente a una entrada del blog porque permanecer\u00e1 en un solo lugar y aparecer\u00e1 en la navegaci\u00f3n de tu sitio (en la mayor\u00eda de los temas). La mayor\u00eda de las personas comienzan con una p\u00e1gina \u00abAcerca de\u00bb que les presenta a los visitantes potenciales del sitio. Podr\u00edas decir algo as\u00ed:<\/p>\n\n\n\n<blockquote class=\"wp-block-quote\">\n<p>\u00a1Hola! Soy camarero de d\u00eda, aspirante a actor de noche y esta es mi web. Vivo en Mairena del Alcor, tengo un perro que se llama Firulais y me gusta el rebujito. (Y las tardes largas con caf\u00e9).<\/p>\n<\/blockquote>\n\n\n\n<p>\u2026o algo as\u00ed:<\/p>\n\n\n\n<blockquote class=\"wp-block-quote\">\n<p>La empresa \u00abMariscos Recio\u00bb fue fundada por Antonio Recio Mata. Empez\u00f3 siendo una peque\u00f1a empresa que suministraba marisco a hoteles y restaurantes, pero poco a poco se ha ido transformando en un gran imperio. Mariscos Recio, el mar al mejor precio.<\/p>\n<\/blockquote>\n\n\n\n<p>Como nuevo usuario de WordPress, deber\u00edas ir a <a href=\"https:\/\/expoeducacion.globalvirtualnetworking.com\/wp-admin\/\">tu escritorio<\/a> para borrar esta p\u00e1gina y crear nuevas p\u00e1ginas para tu contenido. \u00a1P\u00e1salo bien!<\/p>\n\n\n\n<div id=\"prueba\" class=\"wp-block-uagb-container uagb-block-c4a593fd alignfull uagb-is-root-container\"><div class=\"uagb-container-inner-blocks-wrap\">\n<div class=\"wp-block-uagb-container uagb-block-04ceb99b\">\n<div class=\"wp-block-uagb-advanced-heading uagb-block-eca97679\"><h2 class=\"uagb-heading-text\">Tu atractivo encabezado<\/h2><\/div>\n<\/div>\n\n\n\n<div class=\"wp-block-uagb-container uagb-block-ce56c7c3\">\n<figure class=\"wp-block-image size-large\"><img decoding=\"async\" loading=\"lazy\" width=\"1024\" height=\"683\" src=\"https:\/\/expoeducacion.globalvirtualnetworking.com\/wp-content\/uploads\/2023\/09\/scott-graham-5fNmWej4tAA-unsplash-1024x683.jpg\" alt=\"\" class=\"wp-image-322\" srcset=\"https:\/\/expoeducacion.globalvirtualnetworking.com\/wp-content\/uploads\/2023\/09\/scott-graham-5fNmWej4tAA-unsplash-1024x683.jpg 1024w, https:\/\/expoeducacion.globalvirtualnetworking.com\/wp-content\/uploads\/2023\/09\/scott-graham-5fNmWej4tAA-unsplash-300x200.jpg 300w, https:\/\/expoeducacion.globalvirtualnetworking.com\/wp-content\/uploads\/2023\/09\/scott-graham-5fNmWej4tAA-unsplash-768x513.jpg 768w, https:\/\/expoeducacion.globalvirtualnetworking.com\/wp-content\/uploads\/2023\/09\/scott-graham-5fNmWej4tAA-unsplash-1536x1025.jpg 1536w, https:\/\/expoeducacion.globalvirtualnetworking.com\/wp-content\/uploads\/2023\/09\/scott-graham-5fNmWej4tAA-unsplash-2048x1367.jpg 2048w\" sizes=\"(max-width: 1024px) 100vw, 1024px\" \/><\/figure>\n<\/div>\n<\/div><\/div>\n","protected":false},"excerpt":{"rendered":"<p>Esta es una p\u00e1gina de ejemplo. Es diferente a una entrada del blog porque permanecer\u00e1 en un solo lugar y aparecer\u00e1 en la navegaci\u00f3n de tu sitio (en la mayor\u00eda de los temas). La mayor\u00eda de las personas comienzan con una p\u00e1gina \u00abAcerca de\u00bb que les presenta a los visitantes potenciales del sitio. Podr\u00edas decir &hellip;<\/p>\n<p class=\"read-more\"> <a class=\"\" href=\"https:\/\/expoeducacion.globalvirtualnetworking.com\/index.php\/pagina-ejemplo\/\"> <span class=\"screen-reader-text\">P\u00e1gina de ejemplo<\/span> Leer m\u00e1s &raquo;<\/a><\/p>\n","protected":false},"author":1,"featured_media":0,"parent":0,"menu_order":0,"comment_status":"closed","ping_status":"open","template":"","meta":{"_uag_custom_page_level_css":"","site-sidebar-layout":"default","site-content-layout":"","ast-site-content-layout":"","site-content-style":"default","site-sidebar-style":"default","ast-global-header-display":"","ast-banner-title-visibility":"","ast-main-header-display":"","ast-hfb-above-header-display":"","ast-hfb-below-header-display":"","ast-hfb-mobile-header-display":"","site-post-title":"","ast-breadcrumbs-content":"","ast-featured-img":"","footer-sml-layout":"","theme-transparent-header-meta":"","adv-header-id-meta":"","stick-header-meta":"","header-above-stick-meta":"","header-main-stick-meta":"","header-below-stick-meta":"","astra-migrate-meta-layouts":"","footnotes":""},"uagb_featured_image_src":{"full":false,"thumbnail":false,"medium":false,"medium_large":false,"large":false,"1536x1536":false,"2048x2048":false,"trp-custom-language-flag":false},"uagb_author_info":{"display_name":"edumark.agenciaeducativa","author_link":"https:\/\/expoeducacion.globalvirtualnetworking.com\/index.php\/author\/edumark-agenciaeducativa\/"},"uagb_comment_info":0,"uagb_excerpt":"Esta es una p\u00e1gina de ejemplo. Es diferente a una entrada del blog porque permanecer\u00e1 en un solo lugar y aparecer\u00e1 en la navegaci\u00f3n de tu sitio (en la mayor\u00eda de los temas). La mayor\u00eda de las personas comienzan con una p\u00e1gina \u00abAcerca de\u00bb que les presenta a los visitantes potenciales del sitio. Podr\u00edas decir&hellip;","_links":{"self":[{"href":"https:\/\/expoeducacion.globalvirtualnetworking.com\/index.php\/wp-json\/wp\/v2\/pages\/2"}],"collection":[{"href":"https:\/\/expoeducacion.globalvirtualnetworking.com\/index.php\/wp-json\/wp\/v2\/pages"}],"about":[{"href":"https:\/\/expoeducacion.globalvirtualnetworking.com\/index.php\/wp-json\/wp\/v2\/types\/page"}],"author":[{"embeddable":true,"href":"https:\/\/expoeducacion.globalvirtualnetworking.com\/index.php\/wp-json\/wp\/v2\/users\/1"}],"replies":[{"embeddable":true,"href":"https:\/\/expoeducacion.globalvirtualnetworking.com\/index.php\/wp-json\/wp\/v2\/comments?post=2"}],"version-history":[{"count":4,"href":"https:\/\/expoeducacion.globalvirtualnetworking.com\/index.php\/wp-json\/wp\/v2\/pages\/2\/revisions"}],"predecessor-version":[{"id":555,"href":"https:\/\/expoeducacion.globalvirtualnetworking.com\/index.php\/wp-json\/wp\/v2\/pages\/2\/revisions\/555"}],"wp:attachment":[{"href":"https:\/\/expoeducacion.globalvirtualnetworking.com\/index.php\/wp-json\/wp\/v2\/media?parent=2"}],"curies":[{"name":"wp","href":"https:\/\/api.w.org\/{rel}","templated":true}]}}